*a - 198670, -2*a = 4*y - 133974. Is a composite?
False
Suppose 10*j = -41 - 139. Is j/4*(-20888)/126 prime?
False
Suppose -225579 = -o + h + h, -o + 3*h + 225581 = 0. Suppose 4*b - 29*b + o = 0. Is b a composite number?
True
Let z = -48 - -52. Suppose 5*p + z = 4. Suppose p = -6*x + 2028 + 774. Is x composite?
False
Let b(h) = -65*h + 4. Let l(m) = m**2 - 19*m + 51. Let i be l(12). Is b(i) a composite number?
True
Let h(d) = 174*d**2 - d + 17. Let g be h(5). Suppose -3*r + g = -5511. Let j = -2204 + r. Is j prime?
True
Let i = 26 - 11. Is 256095/i - (-3 - -2) prime?
False
Let c be (-648)/(-63) + -7 + (-4)/14. Suppose -z = c*z - 2164. Is z a composite number?
False
Let u(k) = 2*k**2 - 108*k + 965. Is u(72) a prime number?
True
Suppose -21*v + 10 = -19*v. Suppose 2*s - 5*d = -s + 6452, 10749 = v*s - 4*d. Is s composite?
True
Suppose -n + 7*o + 19987 = 12*o, -n + 19975 = 2*o. Is n a prime number?
False
Let o(g) = -3*g**3 + 16*g**2 + 41*g + 213. Is o(-28) a composite number?
True
Let c(g) = 19*g**3 - 7*g**2 + 14*g - 85. Let l(s) = 56*s**3 - 20*s**2 + 42*s - 255. Let k(h) = -17*c(h) + 6*l(h). Is k(4) prime?
True
Suppose -82978 = -13*k - 14*k + 204869. Is k prime?
False
Suppose 4*o = 4*a + 460, o + 0*o = 4*a + 472. Let k = 171 + a. Is ((-91)/k)/(2/(-584)) a prime number?
False
Let q(g) = 10*g**3 - 43*g**2 - 42*g - 46. Let d(v) = -15*v**3 + 64*v**2 + 63*v + 69. Let n(y) = 5*d(y) + 8*q(y). Is n(11) prime?
False
Let r(k) = 5*k**3 - 69*k**2 + 29*k + 219. Is r(50) a prime number?
False
Let a = -162 - -167. Suppose 6*w - 5*n = 8*w - 5608, -a*n = w - 2799. Is w a prime number?
False
Suppose 0 = -4*l - 10*p + 127848, 0 = 5*l + 3*p - 74996 - 84795. Is l composite?
False
Is (6 - 61175)*(-2)/(-4)*-2 a prime number?
True
Let l(d) = -613*d**3 + 9*d**2 + 176*d + 145. Is l(-8) a prime number?
False
Suppose 3*c - 20855 = 2*p, 5*p + 3*c = c - 52109. Is 8 - (p + 1 + 3) prime?
True
Is (-2)/((40/160)/(4591/(-4))) a composite number?
True
Let m(y) = -8*y + 18. Suppose -5 = -2*b - 1. Let t be m(b). Suppose -8*i + t*n + 876 = -4*i, 4*n - 852 = -4*i. Is i prime?
False
Suppose -5*b + 3*j + 258422 = 0, -39107 = 5*b - 5*j - 297537. Is b a prime number?
False
Suppose -y = -5*i + 326282, -4*y = 3*i - 8*i + 326273. Is i a composite number?
False
Is 1084791/6*(-7)/49*-14 prime?
False
Suppose 5*w + 0 = -15, -4*w = -m + 267061. Is m prime?
True
Let x(j) = -22*j - 261. Let p be x(-12). Suppose m = 2*m + 3*u - 1759, -3*m + p*u = -5277. Is m a composite number?
False
Let k = 859 - 867. Is (246102/18 - 15)/(k/(-6)) a prime number?
True
Let o be 5211/9*(3 - 6). Let d = 434 - o. Is d a composite number?
True
Let q = -70 + -17. Let p = 134 + q. Is p a prime number?
True
Is (-789916)/(-2)*24/48 a prime number?
True
Let s(d) = -127*d**3 + 7*d**2 + 23*d + 49. Is s(-6) a prime number?
False
Let k = 90 - 58. Suppose 15369 = -29*x + k*x. Is x a prime number?
False
Let k(g) = 4*g**2 - 11*g + 11. Suppose 3*b - 3 = -12. Let s be -14 + (3/b + 0)*-4. Is k(s) composite?
False
Suppose 64*v = 60*v - 8. Let o(m) = -608*m - 9. Is o(v) prime?
False
Suppose 0 = -11*r + 1637701 - 381974. Is r a composite number?
False
Suppose -w - 5*l = -108617, -408340 = -3*w + 3*l - 82597. Is w a prime number?
True
Suppose 4*s = -5*r + 64167, -5*r - 20*s = -24*s - 64223. Is r prime?
False
Suppose -15 = -8*y + 17. Suppose y*h - 13945 - 22171 = 0. Is h a prime number?
True
Let v(x) = -241681*x + 7299. Is v(-8) a composite number?
False
Let f = 58 - 105. Let m = f - -49. Suppose m*y - 2755 = -3*y. Is y a prime number?
False
Let l be 49791/(-9) - 10 - (-8)/6. Let z = l - -12238. Is z a composite number?
True
Let c be 2 + 19 - 231/(-33). Suppose c*w - 9601 = 27*w. Is w composite?
False
Let f(t) = -8*t**3 + t**2 - 2*t + 1. Let d be f(1). Is ((-34)/d)/((-7)/(-7*28)) composite?
True
Let s(o) = -178*o**2 - 16*o - 66. Let b(i) = -35*i**2 - 3*i - 13. Let p(c) = -11*b(c) + 2*s(c). Is p(6) prime?
True
Let v = 5 + -9. Suppose 10*k + 43 = -127. Is 58/v*(3 + k) a prime number?
False
Suppose -2*p - 52 - 18 = 5*i, -i - p - 17 = 0. Let l(b) = -3*b**3 - 14*b**2 + 14*b + 17. Let w be l(i). Suppose -3*k - 26 + w = 0. Is k a prime number?
True
Let q = 20790 - -12214. Suppose -q - 5806 = -10*m. Is m a prime number?
True
Suppose -130*r + 560 = -125*r. Let q = 69 - 123. Let s = q + r. Is s prime?
False
Let y(l) = 82*l - 57. Let a be y(23). Let o = 2531 - 1245. Suppose -a = -5*c + o. Is c prime?
False
Suppose 3*v - 34 = 1262. Suppose 2*b + 3*x - 82 + 921 = 0, -v = b - x. Let p = 340 - b. Is p composite?
True
Is (2 - (-80)/(-32))*-1*936906/3 a composite number?
False
Suppose 30263465 = 143*x + 84427 - 10640169. Is x a composite number?
True
Is (-104 + -1128251)*(-1 + 1 - (-221)/(-65)) prime?
False
Let t be 45/(-54)*-4*(-6)/5. Is (2 + -61)/(-4*t/(-592)) a composite number?
True
Is ((-1257156)/(-144) - -40)/(-1 + 5/4) a prime number?
True
Let g = 866 - 833. Is g/22*240208/24 a prime number?
True
Suppose -681053 = 16*c - 39*c. Is c prime?
True
Suppose -4*w + 2*g = -48674, g - 2*g + 5 = 0. Suppose b + 2114 = w. Is b composite?
True
Let u = -935 - -935. Suppose u = f - m - 64851, -324235 = -f - 4*f - 5*m. Is f prime?
True
Let n be (-2)/(2 - (-8896)/(-4446)). Let p be 93/(6/(-18)*(-12)/356). Suppose -p = -6*h - n. Is h prime?
True
Let g = -9998 + 14529. Is 0 - g/(-3) - 16/(-24) composite?
False
Suppose 0 = -57*v + 63*v - 17460. Let c = 7108 - v. Is c prime?
False
Let y be (24/18)/(4/(-318)). Let z = 2737 + y. Is z a composite number?
True
Let l(m) = -4*m + 18. Let v be l(-7). Suppose 4*a - 30 = -v. Let k(t) = -8*t**3 + 3*t**2 + 3*t + 9. Is k(a) a composite number?
False
Let x = -41 - -44. Suppose z + x*z = 8. Suppose -z*d = -3*r + 5207, d - 4250 = -4*r + 2678. Is r prime?
True
Suppose 0 = -22*j + 14 + 8. Is (-1)/(j*(-2)/2822) a composite number?
True
Let j(b) = 1251 + 3348*b - 1268 + 7775*b. Is j(2) a composite number?
False
Let g(z) = -5*z. Let k be g(2). Let w(d) be the second derivative of d**5/20 + 7*d**4/6 - 5*d**3/6 - d**2/2 - d - 149. Is w(k) composite?
False
Let w(q) = 230*q + 22. Suppose 3*b = -f + 18, -f + 3 + 0 = 0. Let p be w(b). Suppose 11*c - p = 7*c. Is c prime?
True
Let s = 102545 - 44508. Is s composite?
True
Let j(g) = -g**2 - 17*g + 43. Let u(s) = s - 10. Let c be u(-9). Let o be j(c). Suppose 266 + 619 = o*t. Is t a composite number?
True
Suppose 0 = -5*h - 0*h + 50. Suppose 77*z - 242 = 55*z. Suppose -h*c = -z*c + 717. Is c prime?
False
Let h be 3/((-12)/8) + 1541 + -4. Let q = -469 + h. Let u = q - 347. Is u composite?
False
Is (-3)/(-8) + 9 + (770458/16 - 6) prime?
True
Let q(w) = 673*w**3 + 1. Let g be q(1). Let n = g - 207. Let v = n - -74. Is v prime?
True
Suppose -3*k + 270 = 1797. Let o be (-28)/(-21)*-3*1/2. Is 7/(-14) + k/o a prime number?
False
Suppose -25527655 - 162648 = -199*r. Is r a composite number?
False
Suppose u + 2*b = -b - 13, 10 = -5*u - 4*b. Suppose o - 3*q = -u*q + 6299, 4*q = -16. Is o composite?
True
Let v(g) be the second derivative of g**4/4 - 7*g**3/6 - 9*g**2/2 + 2*g. Suppose x - 4*y = -4, -2*x = 2*y + 8 + 10. Is v(x) a composite number?
False
Let l(h) = -2841*h - 33. Let n(b) = -5681*b - 65. Let q(z) = 11*l(z) - 6*n(z). Let s be q(9). Is (1/(-3))/((-18)/s) prime?
False
Let l(u) = -8*u**2 + 2*u - 4. Let x be l(3). Let q be x/(-2) + (-3)/6*2. Suppose 0 = 2*w - 5*i - 601, 2*w - 555 - q = i. Is w a prime number?
True
Let r(h) = -340*h - 30. Suppose 45 = -58*j + 53*j. Let w be r(j). Let a = w - 1565. Is a a composite number?
True
Let m = -313756 + 635925. Is m a prime number?
True
Let v = 3902 + -1668. Let o = v - 1357. Is o prime?
True
Let f(o) = 145*o**2 + 18*o - 59. Suppose -4*m + 2*q = -20, -45*q + 22 = 5*m - 46*q. Is f(m) prime?
True
Suppose -780 = -2*t - 3*t. Suppose 5*n - 22*p + 20*p = 165, -3*n + 3*p + 90 = 0. Suppose -h + t = n. Is h composite?
True
Let i = 20242 + -9493. Is i composite?
True
Let l(d) = -9*d**3 - d**2 + 16*d + 15. Let h(f) = f**3 + 4*f**2 - 3*f - 19. Let v be h(-4). Is l(v) a prime number?
False
Suppose -240*s + 46984876 = 8292316. Is s a composite number?
True
Let v = 8669 + 293. Is v prime?
False
Let t(h) be the first derivative of 11*h**3/3 + 5*h**2/2 + 27*h + 42. Is t(-3) composite?
True
Let k be (-21)/56 + -2 + 81452/32. Let l = k - 1656. Is l prime?
True
Suppose 0 = 3*i -